4/6 - i**3/6 - i**2. Suppose 5*o = o - 24. Let z = 3 + o. Calculate m(z).
5
Let t(g) = -16*g - 21. Let i(d) = 3*d + 4. Let q(z) = -11*i(z) - 2*t(z). Let y = 3 + -1. Let c = y + -4. Give q(c).
0
Let h(p) = -3*p**3 - 3*p**2 + 1. Let j = 4 - -1. Let k = -7 + j. Determine h(k).
13
Let g = -16 + 12. Let r(n) = -3*n - 4. Give r(g).
8
Let a(s) be the third derivative of -s**6/120 + s**5/15 - s**4/12 + s**3 + 13*s**2. Give a(4).
-2
Suppose -4*u = u. Let k(h) = 2 + 8*h + u*h**2 - h**3 - h**2 - 7*h. Give k(-2).
4
Let d(y) = y**3 - 7*y**2 - y + 5. Let a be 3*14/(-18)*-3. Give d(a).
-2
Let i(d) be the third derivative of d**4/24 + d**3/6 - 3*d**2. Give i(0).
1
Let f(l) = 1 + 5*l**2 + 6 + l**2 + l**3 + 7*l. What is f(-5)?
-3
Let j(p) = 2*p + 12. Let a be j(-6). Let h(z) be the first derivative of -z**4/4 - z**3/3 + 5*z + 1. What is h(a)?
5
Let o(h) = h + 5. Let r be 2/3*1*4*-3. Calculate o(r).
-3
Let v(o) = 22*o**3 - 1. Let r = 64 - 65. What is v(r)?
-23
Let f be (11 + 1)/(-2) - -2. Let y = f + 1. Let n(t) be the second derivative of t**3/6 - 4*t. Calculate n(y).
-3
Let q = 0 + 3. Let n(y) = -q*y + 2 + 0*y - 3. Calculate n(1).
-4
Let g(h) be the second derivative of 2*h**3/3 + 2*h. Let i be (12/9)/(2/3). Determine g(i).
8
Let i(b) be the second derivative of -b**4/8 - b**3/3 - b**2 + 3*b. Let f(u) be the first derivative of i(u). Calculate f(2).
-8
Let g(c) = -21*c + 3 + 10*c - 2 + 16*c. Calculate g(1).
6
Let t(l) be the first derivative of l**4/4 + l**3 - l**2/2 + l + 1. Let v = 8 - 5. Suppose v = -q - 0. What is t(q)?
4
Let x(a) = -7*a**2 - a**2 + 0*a**2. Let r = -3 - -4. Calculate x(r).
-8
Let f(u) = 3*u - 1. Let j(g) = -3*g + 1. Let z(p) = 5*f(p) + 4*j(p). Suppose 2*o = -6, 0 = -n - o + 6*o + 14. Determine z(n).
-4
Let c(r) = 7*r**3 + r - 8*r**3 + 5*r**2 - 3*r. Let d = -15 + 18. Give c(d).
12
Suppose -2*v = -5*n + 3, 0*v - v = -n + 3. Let t be (0/n - -1)*5. Let f(p) = p**3 - 4*p**2 - 6*p. Determine f(t).
-5
Suppose -4*c = 2*n - 6, 5*c - 2*c - 1 = -5*n. Let z(a) = 6*a + 1. Let w(i) = 5*i + 1. Let o(u) = 3*w(u) - 4*z(u). Determine o(n).
8
Let f(q) = -3*q - 1. Let s(z) = -5*z - 13. Let r(h) = -h - 1. Let k(p) = 4*r(p) - s(p). Let d be k(-8). Give f(d).
-4
Let x(t) = -14*t**3 - 8*t**2 + 6*t - 26. Let w be 6/(0 + 3 + -4). Let l(s) = -5*s**3 - 3*s**2 + 2*s - 9. Let a(d) = w*x(d) + 17*l(d). Give a(-3).
9
Let w(r) = 4 + 0*r + 4*r - 2. Let u(f) = 0*f + 0*f - f + 1 + 2*f. Let d(x) = 5*u(x) - w(x). Determine d(-5).
-2
Let w be (-1 - (-1)/2)*0. Let k(y) be the third derivative of -1/24*y**4 + 3/2*y**3 + 0*y + 1/120*y**6 - 1/60*y**5 + y**2 + 0. What is k(w)?
9
Let c(d) = -11*d**2 - d. Let b(f) = -f**2. Let m be b(1). Calculate c(m).
-10
Let t(f) be the first derivative of f**7/840 + f**6/90 + f**5/60 - f**4/6 - f**3/3 - 1. Let o(u) be the third derivative of t(u). Determine o(-3).
-1
Let p(l) = 75*l**3 - 3*l - 37*l**3 - 5*l**2 - 2 - 39*l**3. Calculate p(-4).
-6
Let x(j) = 14*j - 6. Let c(r) = 27*r - 11. Let k(d) = 6*c(d) - 11*x(d). Suppose 0 = u - 2*v + 1, -5*u + 0*v = 2*v - 7. Determine k(u).
8
Let j be (6 + -9)*10/(-6). Suppose -3*t = o - 4, 0 = -j*t + 3*o + 2*o + 20. Let a(l) = l**2 + 3*l - 2. Determine a(t).
8
Let t(o) = -5*o**2 - 2*o - 1. Let r(x) = 2*x - 5. Let g be r(12). Let h = g + -20. Determine t(h).
-4
Suppose s - 5*m = -29, -4*s + 0*m + m - 40 = 0. Let y(w) = w + 2. What is y(s)?
-7
Let u(t) = t**3 + 4*t**2 - 3*t - 3. Suppose 2*c + 0 + 6 = 0. Determine u(c).
15
Let a be ((-15)/2)/(9/12). Let m be a/8 - (-1)/4. Let t(q) be the second derivative of -2*q**4/3 - q**3/6 - q**2/2 - q. Determine t(m).
-8
Let m(p) be the third derivative of p**2 + 1/24*p**4 + 0*p + 0*p**5 + 1/30*p**6 + 1/6*p**3 + 0. Let a be 0 + 0 + 1 + -2. Calculate m(a).
-4
Let d(h) = -h**3 + h**2. Let m = 18 + -11. Suppose 0 = -4*f, 2*o = m*f - 2*f. Calculate d(o).
0
Let s(h) = h**3 - h**2 - h + 2. Let m be s(0). Let i(u) = 66 + 71 - 136. Let j(n) = -n + 1. Let x(g) = i(g) - j(g). Calculate x(m).
2
Let o = -1 + 1. Suppose 4*n - f = -5*f, -2 = n + 2*f. Let w(y) = -y**n - y**2 + 1 + 3*y**2 - 3 + y. What is w(o)?
-2
Let q(o) be the third derivative of -o**4/24 + o**3/2 + 8*o**2. Let w(j) = j - 5. Let s be w(5). Determine q(s).
3
Let t(b) = b. Let p(r) = 5*r + 9. Let y be p(-3). Give t(y).
-6
Let n(w) = w**2 - 6*w + 6. Let t(u) = -9*u + 8*u + 4*u. Let s be t(2). Determine n(s).
6
Let u(k) = k**2 - 1. Suppose -4*n + 5*t = -5 - 3, n = 2*t + 2. Let q(f) = -f**3 + 2*f**2 + 2. Let g be q(n). Give u(g).
3
Let o(f) = -f**2 + 4*f. Let w be o(3). Let q be (-4)/w + (-2)/(-6). Let t(c) = -4*c**3 + c + 1. Determine t(q).
4
Let k = 13 - 11. Let m(g) = 3 + 4*g**2 + g + 6*g - k*g - 3*g**2. Calculate m(-5).
3
Let l(a) = -a**3 + 8*a**2 + 3*a + 6. Let p(k) = -3*k**3 + 23*k**2 + 8*k + 18. Let u(o) = -8*l(o) + 3*p(o). What is u(5)?
6
Let n(k) = -k**2 - 4*k. Let s(i) = 1. Let o(j) = -n(j) - 4*s(j). Calculate o(-6).
8
Suppose 12 = -2*h - p + 3*p, 5 = -p. Let t = 17 + h. Let w(z) = z + 3. What is w(t)?
9
Let i(z) = 4*z + 7. Let f be i(-4). Let g be (f/(-6) - 1)*2. Let t(a) = -4*a**2 + a. What is t(g)?
-3
Suppose 3*r + 5*c - 64 = 0, r = -r + 3*c + 11. Suppose -5*u - 2 = r. Let o(g) = g**3 + 2*g**2 - 1. Give o(u).
-10
Let u(z) = z - 11. Suppose i + 5 = t, -4*t - 5 = t. Let l(h) = 1. Let g(j) = 2. Let n(y) = 3*g(y) - 5*l(y). Let s(k) = i*n(k) - u(k). Determine s(0).
5
Let t(m) = -9*m**2 - 7*m - 5. Let l(y) = -10*y**2 - 7*y - 5. Let r(g) = -4*l(g) + 5*t(g). Let n(i) = -i**3 - i**2 + 1. Let u(j) = n(j) + r(j). What is u(-5)?
6
Let y(i) = i**2 + i - 2*i + 0*i**2. What is y(1)?
0
Let j(o) = -o - 5. Let i(u) = -u**3 + 5*u**2 - 5*u - 2. Let g be i(4). Let l = -6 - g. Determine j(l).
-5
Let n = 0 - 0. Let y be (n/2)/(4/(-2)). Let j(s) = 2*s + s**3 + y*s**2 + 5*s**2 - s**2. Calculate j(-3).
3
Let o(q) = q**3 + q**2 - 4*q + 3. Let h(b) = b + 11. Let d be h(-9). Let y be (-3)/(-2) + d/4. Calculate o(y).
7
Suppose -3*w - b - 2*b = -6, 0 = -4*w + 3*b + 1. Let n(v) = -v**2 + 7*v + 2. Let z be n(7). Let u(h) = w + h**2 - 2*h**z - 11. Give u(0).
-10
Suppose -12 = -0*a - 3*a. Suppose 0 = 2*w - w - a. Let x(u) = u**2 - 3*u. Give x(w).
4
Let d(l) = 2*l**2 - 1. Suppose -5*a + 8 = -12. Suppose -4*p - 5*s + 10 = a, -3*p + 22 = -5*s. Suppose -x - 2 = -3*n, -4 - 6 = 3*n - p*x. Calculate d(n).
7
Suppose o + q = -3*q - 3, -3*q = -5*o + 8. Suppose -o = 5*l + b + 4, 0 = 2*b + 10. Let m(a) = a**3 - 3*a + l*a**3 - 4*a**2 - a + 6*a + 2. Give m(2).
-2
Let d(o) = 2*o**2 - 10*o - 7. Let g(a) = -5*a**2 + 21*a + 15. Let n(t) = -7*d(t) - 3*g(t). Give n(-7).
4
Suppose -5*j = 20, -y = -3*y + 3*j + 12. Let s(v) be the second derivative of v**5/20 + v**4/12 + v**3/6 - 3*v**2 + 14*v. Give s(y).
-6
Let m(q) = q - 1. Let d be 0*(3 - 15/6). Suppose d = -2*z, 6*u + 15 = 3*u + 5*z. Give m(u).
-6
Let b(x) = -x**2 - 3*x. Suppose 14 = -3*i + 5. Calculate b(i).
0
Let y(c) = -2*c - 11. Let d be y(-4). Let o(z) = -z**2 - 3*z + 4. What is o(d)?
4
Let c(g) = -16*g**2 - 1 - 1 + 15*g**2 + 3*g. Calculate c(5).
-12
Let q(k) = 3*k + 1. Suppose 0*h = -2*h + 4. Calculate q(h).
7
Let f(z) = z**3 + 11*z**2 - 13*z - 8. Let d be f(-12). Suppose -4 - 16 = -d*b. Let a(j) = 2*j - 2. Determine a(b).
8
Let s(p) be the first derivative of -p**2/2 + 7*p + 20. Give s(8).
-1
Let m(k) = 9*k + 0 - 3*k**2 + 0 - 3 + 2*k**2. Let v be m(8). Let f(y) = 0*y + 0*y - y - 3. Give f(v).
-8
Suppose -3*f + 6*f = 6. Let m be (5/(-2))/(f/4). Let v(z) be the second derivative of z**3/6 - z**2/2 + 2*z. What is v(m)?
-6
Let w(z) be the second derivative of -z**5/20 + 2*z**4/3 + z**3/6 - z**2 - 33*z. Give w(8).
6
Let s(x) = -x**2 + 4*x + 3. Let n(l) = l**2 + 10*l - 7. Let k = 25 - 36. Let u be n(k). Calculate s(u).
3
Suppose -k + 3*o + 4 = 0, k + 2*k + o = 12. Let g(j) = -j**2 - 1. Let d(b) = b**3 + 2*b**2 - 2*b + 8. Let i(s) = d(s) + 6*g(s). Calculate i(k).
-6
Let z(h) = h + 2. Let m(v) = -v + 1. Let s be m(5). Let a be z(s). Let f = 1 - a. Let c(l) = l**2 - 2*l + 2. Give c(f).
5
Let t(q) = q**2 - q + 2. Let o be t(-2). Let p(i) = -i**3 + 7*i**2 + 7*i + 10. Let y be p(o). Let d(l) = l**3 - y*l - 3*l**2 + l - 4*l. Give d(4).
-4
Let a(n) = n**3 - 4*n**2 - n. Suppose 12*d - 15 = 7*d. Determine a(d).
-12
Let k(l) = -3*l**3 + 2*l**2 - 1. Suppose 3*n + 0*n + 24 = 0. Let i = n + 9. Give k(i).
-2
Let j = -3 - -6. 